j = 80 + -80. Suppose -3*u - 10*u + 13182 = j. What is the units digit of u?
4
Suppose -406 + 202 = 2*d. Let n = d - -338. What is the hundreds digit of n?
2
Let k(u) = -245*u + 382. What is the tens digit of k(-35)?
5
Let v(a) = a**3 - 19 + 14*a**2 + 0*a - 2*a**2 + 4*a**2 + 6*a. What is the hundreds digit of v(-14)?
2
What is the tens digit of (4/14 - (-3244444)/490) + 54/135?
2
Let s = -7301 - -14099. What is the tens digit of s?
9
Let q(j) = 24*j - 5. Suppose -90 = -4*o - 82. Suppose 6*f - o = 5*f. What is the tens digit of q(f)?
4
Suppose -23*s = -10*s + 26. Let f be -3*(s + 0) - 4. Suppose 0 = f*i + 4*k - 48, 19 = 3*i + 5*k - 48. What is the units digit of i?
4
Suppose 0 = -2*q + 17*q - 2895. Let m = 770 - q. What is the hundreds digit of m?
5
Suppose -16 = 4*b, -12*b + 20 = 2*c - 15*b. What is the tens digit of c*-1*(-3 - 185/4)?
9
What is the thousands digit of (-717)/(-1673) - 85999/(-7)?
2
Suppose -3*u - 5073 = -22*u. Suppose -2*t = 2*t - 4, -t = -4*n + u. What is the units digit of n?
7
Let x(q) = -29*q**2 - 8*q - 28. Let k be x(-4). Let m = 803 + k. What is the units digit of m?
3
Let m(j) = -j**2 - 18*j + 6. Let l be m(-18). Let a = 15 + -11. What is the tens digit of (-625)/(-10) + l/a?
6
Suppose -20*t = -29642 + 4882. Suppose -2*x + 614 + t = -2*a, 2798 = 3*x + 2*a. What is the hundreds digit of x?
9
Let c = 15055 - 6831. What is the units digit of c?
4
Let o = 24569 + -13633. What is the thousands digit of o?
0
What is the thousands digit of -2 + 6304 - (3 - 0) - (-1 + -5)?
6
Suppose 0 = 56*h - 94*h + 86716. What is the tens digit of h?
8
Suppose 12*c - 100579 - 204917 = 0. What is the units digit of c?
8
Let h = 38778 - 8346. What is the units digit of h?
2
Suppose 27*p - 25*p + 582 = 0. Let l = 659 + p. What is the units digit of l?
8
Suppose 4*m - 66010 = -2*b, -2*b + 3258 = -m + 19743. What is the thousands digit of m?
6
Let g(d) = 758*d**3 + d**2 - d. Let n be g(1). Let u = -424 + n. Suppose 2*v = 4*v - u. What is the hundreds digit of v?
1
Suppose 0 = -4*m + m + 6. Let n(i) = -8*i - 2*i - 3 + 74*i**m - 6 + i. What is the tens digit of n(-1)?
7
Let c be (4/(-1))/(-5 + 4). Suppose -j = -c - 0. Suppose 0 = -5*m - j*n + 746, 164 + 290 = 3*m - 4*n. What is the units digit of m?
0
Let p(g) = -g + 5. Let d be p(2). Suppose 0 = -5*y + 4*v - 6*v + 120, 72 = d*y + 3*v. Let f = y + 2. What is the tens digit of f?
2
Let o = 902 + -458. Suppose l = 2*l + x - o, 4*l = 3*x + 1804. What is the tens digit of l?
4
Let i(n) = -13*n - 53. Let p be i(-30). Suppose 99 - p = -7*h. What is the units digit of h?
4
What is the units digit of 18030/4*44/33?
0
Let l be ((-2)/((-6)/(-3)))/((-5)/(-1745)). Let x = l - -668. What is the hundreds digit of x?
3
Let n = -7459 + 12869. What is the units digit of n?
0
Let s(v) be the first derivative of -3*v**4/4 - v**3/3 - v**2/2 - 3*v - 144. Let i be (9/12)/((-3)/12). What is the units digit of s(i)?
2
Let w(k) = 6*k**2 - 8*k - 37. Let v = -51 + 59. What is the units digit of w(v)?
3
Let z(y) = -12*y - 16. Let g be z(-5). Suppose -12*m + 10*m + g = 0. What is the tens digit of m?
2
Suppose -152 = -l - 5. Suppose 3*z = -4*c + l, -2*c - 137 = -6*c - z. Let v = 17 + c. What is the tens digit of v?
5
Let o(c) = 5*c**2 - 5*c - 5. Let v = -15 + 20. Suppose 2*f = y + v, -y + 3*f - 12 = 2*y. What is the tens digit of o(y)?
5
Let y be (42/(-30) - -1) + 2853/(-5). Let q = 1227 + y. What is the hundreds digit of q?
6
Let z(p) = -3*p + 31. Let i(r) = 3*r**2 + 2*r - 2. Let k be i(1). Suppose 0 = -u + k*u + 12. What is the units digit of z(u)?
9
Suppose 18 = 72*t - 66*t. Suppose 0 = 5*v + 3*q - 1853, 3*v + 2*q + t*q = 1099. What is the tens digit of v?
7
Let w = -50396 + 80330. What is the hundreds digit of w?
9
What is the thousands digit of 2695 - (7 - 0 - 16)?
2
Let t = 1337 - -1431. Suppose -20*q + t = -392. What is the units digit of q?
8
Suppose 10*r - 12*r + 4 = 0. Let x be 1143/((-4)/8 + r). Suppose 0*l - x = -6*l. What is the hundreds digit of l?
1
Suppose -2*p + 18 = -5*p. Let z be p/9 - (4 - 3980/12). Suppose 5*j - 81 + z = 3*w, 5*w - 394 = 3*j. What is the units digit of w?
7
Let m be (-4)/(-7) + 248/56. Suppose 3*r + 5*u - 10 = -2*r, 28 = m*r - 4*u. Suppose 0*k = k - p - 183, -r*k - 4*p = -756. What is the hundreds digit of k?
1
Suppose -2*q + 0*q + 92 = 0. Let u be 120/100 + (-4208)/(-10). Suppose -4*o + u = -q. What is the hundreds digit of o?
1
Suppose 4*w - 284 = -2*x, -4*x = x - w - 710. Let p(q) = 3*q + 187. Let d be p(14). Let a = d - x. What is the units digit of a?
7
Let i(q) = -3249*q + 453. What is the thousands digit of i(-2)?
6
Let s(z) = -z**3 + 83*z**2 - 73*z - 787. What is the hundreds digit of s(79)?
4
Let p(n) = -n**2 - 29*n + 89. Suppose -47*g + 57*g + 260 = 0. What is the tens digit of p(g)?
6
Let l(g) = -2*g**2 - 16*g - 2. Let t(p) = p**2 + 1. Let v(h) = l(h) + 3*t(h). Let c be v(16). What is the tens digit of -2228*c/(-18) - (-2)/9?
2
Suppose 507901 = 53*o + 112415. What is the tens digit of o?
6
Let r be -5 + ((-132)/10)/(5/(-17975)). Suppose -r + 17839 = -21*g. What is the hundreds digit of g?
4
Suppose -40 = -w + 5*v - 23, -5*v = -3*w + 21. What is the tens digit of ((-115)/w + 1)*(-3366)/153?
4
Let b(d) = -5*d + 114. Let f be b(24). What is the tens digit of f/144*-8*(-2 + 2831)?
4
Suppose -5*k = j + 5, k - 5 = 5*k + j. Suppose 29*a = 27*a + 4. Suppose k = a*g + 4*r - 28 - 20, 0 = 3*g - 4*r - 72. What is the units digit of g?
4
Suppose -8 - 902 = 2*z. Let f = 1241 + z. What is the hundreds digit of f?
7
Let u(q) = -22 + q**3 - 216*q**2 - 2*q**3 + 6*q + 233*q**2. Let a be 17/(6/(-3) + 3). What is the tens digit of u(a)?
8
Let u(i) = 36*i**2 - i - 18. Let l be u(3). Suppose 0 = 1379*t - 1376*t - l. What is the tens digit of t?
0
Let t(g) = -1039*g**3 + 2*g**2 + g - 3. Let l be t(1). Let r = l + 1837. What is the hundreds digit of r?
7
Suppose -1212 + 1332 = 4*w. Suppose -177 = w*b - 33*b. What is the tens digit of b?
5
Let w = -396 + 396. Suppose 39*y - 3955 - 4508 = w. What is the tens digit of y?
1
Let w = -229 + 110. Let s be (-2)/(-3) + (-14)/(-6). Let y = s - w. What is the hundreds digit of y?
1
Suppose 5*t = 2*y + 71397 - 21022, t = -2*y + 10075. What is the hundreds digit of t?
0
Suppose -28*n + 16 = -24*n. Let i be 0 - -5*n/4. Suppose 3*o = o + 4*u + 156, -i*u = -15. What is the tens digit of o?
8
What is the units digit of (1145/15*-3)/(-1*1/37)?
3
Let c(l) = -335*l + 2227. What is the thousands digit of c(-75)?
7
Let x(s) = 3*s**2 + 152*s + 2867. What is the hundreds digit of x(-84)?
2
Suppose -l = -7*k + 143849, 0 = -2*k - 2*k + 5*l + 82195. What is the hundreds digit of k?
5
Let s be -1 + (0 - -3) + 486/2. Let h = 488 - s. What is the units digit of h?
3
What is the units digit of 1 - -15345 - (48/(-27) - (-14)/(-63))?
8
Let v(c) = 2 + 3*c**2 - 4 + 3*c + 13 + c**2. What is the tens digit of v(-5)?
9
Let d be 1/(7 - -5)*3*28. Suppose -d*i - 1140 = -19*i. What is the tens digit of i?
9
What is the tens digit of (-28 + 1788/(-30))/((-1)/350)?
6
Let m = 451 + -743. Let c = -145 - m. Let i = 320 - c. What is the tens digit of i?
7
Suppose 19*k - 14*k - 250 = 0. Let n = k + -25. Suppose -g + 2 - 6 = 0, n = 5*p + 5*g. What is the units digit of p?
9
Suppose 9 = -2*x + 299. Let p be (-5)/(25/(-10)) + x. Suppose -v - 253 = -3*z, p = 2*z + 3*v - 40. What is the tens digit of z?
8
Let c(n) = n**3 + 49*n**2 + 85*n - 414. What is the tens digit of c(-30)?
3
Let j be 60 - (-1 - (-1 - 2)). Suppose 219*u - 5 = -5*s + 214*u, -3*s = 5*u - 1. Suppose -b = -s*b + j. What is the tens digit of b?
5
Suppose -5*j = 152*p - 149*p - 51532, -3*p + 51574 = -j. What is the thousands digit of p?
7
Suppose -5*o = -i - 127263, 0 = -14*o + 13*o - 3*i + 25443. What is the thousands digit of o?
5
Let l(x) = 156*x**2 - 65*x - 698. What is the thousands digit of l(-9)?
2
What is the hundreds digit of (-250978)/(-30) + -2*(-15)/450?
3
Suppose -2*z - 10 = -4*f - 3462, -f = 3. What is the units digit of z?
0
Let m be (0 + 8)*(1 + 1 - 1). Suppose 10718 - 3942 = m*g. What is the tens digit of g?
4
Suppose 275*y - 266*y - 4725 = 0. Let a = y + -260. What is the units digit of a?
5
Let l(f) = -118*f**3 - f**2 + 5*f + 3. Let m be l(-2). Suppose -2*n + 935 = -t, 0*n - 2*n = t - m. What is the hundreds digit of n